2, 71, 83
List the prime factors of 1610.
2, 5, 7, 23
List the prime factors of 2035.
5, 11, 37
What are the prime factors of 60610?
2, 5, 11, 19, 29
What are the prime factors of 1035?
3, 5, 23
What are the prime factors of 1258?
2, 17, 37
What are the prime factors of 3230?
2, 5, 17, 19
List the prime factors of 3124.
2, 11, 71
What are the prime factors of 59285?
5, 71, 167
What are the prime factors of 11709?
3, 1301
What are the prime factors of 427?
7, 61
What are the prime factors of 13710?
2, 3, 5, 457
What are the prime factors of 3829?
7, 547
List the prime factors of 9175.
5, 367
What are the prime factors of 3221?
3221
List the prime factors of 35116.
2, 8779
What are the prime factors of 5232?
2, 3, 109
What are the prime factors of 14388?
2, 3, 11, 109
List the prime factors of 80589.
3, 26863
List the prime factors of 19723.
11, 163
List the prime factors of 280.
2, 5, 7
List the prime factors of 156914.
2, 67, 1171
List the prime factors of 61817.
7, 8831
List the prime factors of 29851.
29851
What are the prime factors of 549?
3, 61
What are the prime factors of 1280?
2, 5
What are the prime factors of 4524?
2, 3, 13, 29
List the prime factors of 864.
2, 3
What are the prime factors of 4804?
2, 1201
What are the prime factors of 74720?
2, 5, 467
What are the prime factors of 815?
5, 163
What are the prime factors of 5970?
2, 3, 5, 199
What are the prime factors of 1431?
3, 53
What are the prime factors of 23813?
23813
List the prime factors of 22347.
3, 13, 191
List the prime factors of 1070.
2, 5, 107
What are the prime factors of 10913?
7, 1559
What are the prime factors of 60965?
5, 89, 137
List the prime factors of 22210.
2, 5, 2221
What are the prime factors of 99515?
5, 13, 1531
List the prime factors of 16556.
2, 4139
List the prime factors of 2435.
5, 487
What are the prime factors of 1706?
2, 853
What are the prime factors of 1566?
2, 3, 29
What are the prime factors of 40302?
2, 3, 2239
List the prime factors of 6993.
3, 7, 37
List the prime factors of 232.
2, 29
List the prime factors of 595.
5, 7, 17
List the prime factors of 1233.
3, 137
List the prime factors of 21366.
2, 3, 1187
List the prime factors of 413.
7, 59
What are the prime factors of 95344?
2, 59, 101
List the prime factors of 41860.
2, 5, 7, 13, 23
List the prime factors of 37.
37
What are the prime factors of 24775?
5, 991
What are the prime factors of 184786?
2, 7, 67, 197
List the prime factors of 14907.
3, 4969
What are the prime factors of 1331?
11
What are the prime factors of 959?
7, 137
What are the prime factors of 15598?
2, 11, 709
What are the prime factors of 179189?
19, 9431
List the prime factors of 1826.
2, 11, 83
List the prime factors of 1993.
1993
What are the prime factors of 21652?
2, 5413
What are the prime factors of 553?
7, 79
What are the prime factors of 1805?
5, 19
List the prime factors of 1782.
2, 3, 11
What are the prime factors of 805?
5, 7, 23
What are the prime factors of 2860?
2, 5, 11, 13
What are the prime factors of 4419?
3, 491
What are the prime factors of 7458?
2, 3, 11, 113
List the prime factors of 908.
2, 227
What are the prime factors of 94?
2, 47
What are the prime factors of 1346?
2, 673
What are the prime factors of 42990?
2, 3, 5, 1433
What are the prime factors of 26116?
2, 6529
List the prime factors of 3668.
2, 7, 131
List the prime factors of 4445.
5, 7, 127
List the prime factors of 9667.
7, 1381
What are the prime factors of 1132?
2, 283
List the prime factors of 57971.
29, 1999
What are the prime factors of 162657?
3, 11, 31, 53
List the prime factors of 244.
2, 61
List the prime factors of 22868.
2, 5717
List the prime factors of 924.
2, 3, 7, 11
What are the prime factors of 2155?
5, 431
List the prime factors of 3954.
2, 3, 659
What are the prime factors of 6272?
2, 7
List the prime factors of 13.
13
What are the prime factors of 7975?
5, 11, 29
What are the prime factors of 50549?
50549
List the prime factors of 1277.
1277
List the prime factors of 3438.
2, 3, 191
List the prime factors of 606.
2, 3, 101
What are the prime factors of 1354?
2, 677
What are the prime factors of 32867?
23, 1429
What are the prime factors of 237?
3, 79
List the prime factors of 870.
2, 3, 5, 29
What are the prime factors of 363?
3, 11
What are the prime factors of 159970?
2, 5, 17, 941
What are the prime factors of 37675?
5, 11, 137
What are the prime factors of 4151?
7, 593
List the prime factors of 8429.
8429
What are the prime factors of 7732?
2, 1933
What are the prime factors of 3990?
2, 3, 5, 7, 19
List the prime factors of 1082.
2, 541
What are the prime factors of 1027?
13, 79
What are the prime factors of 2979?
3, 331
What are the prime factors of 573?
3, 191
What are the prime factors of 5102?
2, 2551
What are the prime factors of 2033?
19, 107
List the prime factors of 46783.
11, 4253
What are the prime factors of 1652?
2, 7, 59
List the prime factors of 30590.
2, 5, 7, 19, 23
List the prime factors of 1245.
3, 5, 83
What are the prime factors of 391?
17, 23
List the prime factors of 121210.
2, 5, 17, 23, 31
What are the prime factors of 3094?
2, 7, 13, 17
What are the prime factors of 22884?
2, 3, 1907
What are the prime factors of 1868?
2, 467
What are the prime factors of 220?
2, 5, 11
List the prime factors of 3926.
2, 13, 151
List the prime factors of 57267.
3, 7, 101
What are the prime factors of 686?
2, 7
What are the prime factors of 3347?
3347
List the prime factors of 16340.
2, 5, 19, 43
List the prime factors of 15398.
2, 7699
List the prime factors of 828.
2, 3, 23
List the prime factors of 7701.
3, 17, 151
What are the prime factors of 52423?
7, 7489
List the prime factors of 9431.
9431
What are the prime factors of 38490?
2, 3, 5, 1283
List the prime factors of 17607.
3, 5869
List the prime factors of 3335.
5, 23, 29
What are the prime factors of 13266?
2, 3, 11, 67
What are the prime factors of 10845?
3, 5, 241
List the prime factors of 25361.
7, 3623
What are the prime factors of 600?
2, 3, 5
List the prime factors of 142167.
3, 47389
What are the prime factors of 28119?
3, 7, 13, 103
List the prime factors of 135150.
2, 3, 5, 17, 53
List the prime factors of 12545.
5, 13, 193
List the prime factors of 27021.
3, 9007
What are the prime factors of 20289?
3, 6763
What are the prime factors of 7864?
2, 983
List the prime factors of 717.
3, 239
What are the prime factors of 39?
3, 13
List the prime factors of 410.
2, 5, 41
What are the prime factors of 700?
2, 5, 7
What are the prime factors of 1810?
2, 5, 181
List the prime factors of 779.
19, 41
What are the prime factors of 1594?
2, 797
List the prime factors of 89599.
89599
What are the prime factors of 447?
3, 149
List the prime factors of 5742.
2, 3, 11, 29
What are the prime factors of 1506?
2, 3, 251
List the prime factors of 13072.
2, 19, 43
What are the prime factors of 3293?
37, 89
List the prime factors of 4820.
2, 5, 241
List the prime factors of 2292.
2, 3, 191
List the prime factors of 5510.
2, 5, 19, 29
What are the prime factors of 4598?
2, 11, 19
What are the prime factors of 2767?
2767
List the prime factors of 6623.
37, 179
List the prime factors of 11951.
17, 19, 37
List the prime factors of 516.
2, 3, 43
What are the prime factors of 1394?
2, 17, 41
What are the prime factors of 5847?
3, 1949
What are the prime factors of 4618?
2, 2309
What are the prime factors of 317?
317
List the prime factors of 93646.
2, 7, 6689
List the prime factors of 487.
487
What are the prime factors of 4351?
19, 229
List the prime factors of 4102.
2, 7, 293
What are the prime factors of 531?
3, 59
What are the prime factors of 52228?
2, 11, 1187
List the prime factors of 315.
3, 5, 7
List the prime factors of 27635.
5, 5527
List the prime factors of 2021.
43, 47
What are the prime factors of 3177?
3, 353
List the prime factors of 597.
3, 199
List the prime factors of 13625.
5, 109
What are the prime factors of 19860?
2, 3, 5, 331
What are the prime factors of 117869?
311, 379
List the prime factors of 28267.
23, 1229
List the prime factors of 7876.
2, 11, 179
What are the prime factors of 3123?
3, 347
List the prime factors of 232.
2, 29
What are the prime factors of 1682?
2, 29
List the prime factors of 39029.
31, 1259
What are the pri